{"version":"1.0","provider_name":"Mercator Ocean International","provider_url":"https:\/\/www.mercator-ocean.eu\/fr\/","author_name":"Damien Goubeau","author_url":"https:\/\/www.mercator-ocean.eu\/fr\/author\/damien-goubeau\/","title":"Mercator Ocean International pr\u00e9sente le DTO lors du Colloque Mer &amp; Espace - Mercator Ocean International","type":"rich","width":600,"height":338,"html":"<blockquote class=\"wp-embedded-content\" data-secret=\"cyFqmAKopa\"><a href=\"https:\/\/www.mercator-ocean.eu\/fr\/event\/digital-twin-ocean\/\">Mercator Ocean International pr\u00e9sente le DTO lors du Colloque Mer &amp; Espace<\/a><\/blockquote><iframe sandbox=\"allow-scripts\" security=\"restricted\" src=\"https:\/\/www.mercator-ocean.eu\/fr\/event\/digital-twin-ocean\/embed\/#?secret=cyFqmAKopa\" width=\"600\" height=\"338\" title=\"\u00ab\u00a0Mercator Ocean International pr\u00e9sente le DTO lors du Colloque Mer &amp; Espace\u00a0\u00bb &#8212; Mercator Ocean International\" data-secret=\"cyFqmAKopa\" frameborder=\"0\" marginwidth=\"0\" marginheight=\"0\" scrolling=\"no\" class=\"wp-embedded-content\"><\/iframe><script>\n\/*! This file is auto-generated *\/\n!function(d,l){\"use strict\";l.querySelector&&d.addEventListener&&\"undefined\"!=typeof URL&&(d.wp=d.wp||{},d.wp.receiveEmbedMessage||(d.wp.receiveEmbedMessage=function(e){var t=e.data;if((t||t.secret||t.message||t.value)&&!\/[^a-zA-Z0-9]\/.test(t.secret)){for(var s,r,n,a=l.querySelectorAll('iframe[data-secret=\"'+t.secret+'\"]'),o=l.querySelectorAll('blockquote[data-secret=\"'+t.secret+'\"]'),c=new RegExp(\"^https?:$\",\"i\"),i=0;i<o.length;i++)o[i].style.display=\"none\";for(i=0;i<a.length;i++)s=a[i],e.source===s.contentWindow&&(s.removeAttribute(\"style\"),\"height\"===t.message?(1e3<(r=parseInt(t.value,10))?r=1e3:~~r<200&&(r=200),s.height=r):\"link\"===t.message&&(r=new URL(s.getAttribute(\"src\")),n=new URL(t.value),c.test(n.protocol))&&n.host===r.host&&l.activeElement===s&&(d.top.location.href=t.value))}},d.addEventListener(\"message\",d.wp.receiveEmbedMessage,!1),l.addEventListener(\"DOMContentLoaded\",function(){for(var e,t,s=l.querySelectorAll(\"iframe.wp-embedded-content\"),r=0;r<s.length;r++)(t=(e=s[r]).getAttribute(\"data-secret\"))||(t=Math.random().toString(36).substring(2,12),e.src+=\"#?secret=\"+t,e.setAttribute(\"data-secret\",t)),e.contentWindow.postMessage({message:\"ready\",secret:t},\"*\")},!1)))}(window,document);\n<\/script>\n","thumbnail_url":"https:\/\/www.mercator-ocean.eu\/wp-content\/uploads\/2024\/03\/colloque-mer-espace.jpg","thumbnail_width":1200,"thumbnail_height":372,"description":"Mercator Ocean International est invit\u00e9 par le CNES dans le cadre de son programme Connect by CNES \u00e0 intervenir lors du Colloque Mer &amp; Espace qui se d\u00e9roule \u00e0 Marseille du 28 au 30 Juin pour parler du&nbsp;Jumeau Num\u00e9rique de l&rsquo;Oc\u00e9an&nbsp; Le&nbsp;salon EuroMaritime, rendez-vous international de r\u00e9f\u00e9rence dans la mati\u00e8re se tiendra du 28 au [&hellip;]"}

Mercator Ocean International présente le DTO lors du Colloque Mer &amp; Espace - Mercator Ocean International

<blockquote class="wp-embedded-content" data-secret="cyFqmAKopa"><a href="https://www.mercator-ocean.eu/fr/event/digital-twin-ocean/">Mercator Ocean International présente le DTO lors du Colloque Mer &amp; Espace</a></blockquote><iframe sandbox="allow-scripts" security="restricted" src="https://www.mercator-ocean.eu/fr/event/digital-twin-ocean/embed/#?secret=cyFqmAKopa" width="600" height="338" title="« Mercator Ocean International présente le DTO lors du Colloque Mer &amp; Espace » &#8212; Mercator Ocean International" data-secret="cyFqmAKopa" frameborder="0" marginwidth="0" marginheight="0" scrolling="no" class="wp-embedded-content"></iframe><script>
/*! This file is auto-generated */
!function(d,l){"use strict";l.querySelector&&d.addEventListener&&"undefined"!=typeof URL&&(d.wp=d.wp||{},d.wp.receiveEmbedMessage||(d.wp.receiveEmbedMessage=function(e){var t=e.data;if((t||t.secret||t.message||t.value)&&!/[^a-zA-Z0-9]/.test(t.secret)){for(var s,r,n,a=l.querySelectorAll('iframe[data-secret="'+t.secret+'"]'),o=l.querySelectorAll('blockquote[data-secret="'+t.secret+'"]'),c=new RegExp("^https?:$","i"),i=0;i<o.length;i++)o[i].style.display="none";for(i=0;i<a.length;i++)s=a[i],e.source===s.contentWindow&&(s.removeAttribute("style"),"height"===t.message?(1e3<(r=parseInt(t.value,10))?r=1e3:~~r<200&&(r=200),s.height=r):"link"===t.message&&(r=new URL(s.getAttribute("src")),n=new URL(t.value),c.test(n.protocol))&&n.host===r.host&&l.activeElement===s&&(d.top.location.href=t.value))}},d.addEventListener("message",d.wp.receiveEmbedMessage,!1),l.addEventListener("DOMContentLoaded",function(){for(var e,t,s=l.querySelectorAll("iframe.wp-embedded-content"),r=0;r<s.length;r++)(t=(e=s[r]).getAttribute("data-secret"))||(t=Math.random().toString(36).substring(2,12),e.src+="#?secret="+t,e.setAttribute("data-secret",t)),e.contentWindow.postMessage({message:"ready",secret:t},"*")},!1)))}(window,document);
</script>

Mercator Ocean International est invité par le CNES dans le cadre de son programme Connect by CNES à intervenir lors du Colloque Mer &amp; Espace qui se déroule à Marseille du 28 au 30 Juin pour parler du&nbsp;Jumeau Numérique de l&rsquo;Océan&nbsp; Le&nbsp;salon EuroMaritime, rendez-vous international de référence dans la matière se tiendra du 28 au [&hellip;]
